{"id":3623,"date":"2023-12-04T13:44:30","date_gmt":"2023-12-04T13:44:30","guid":{"rendered":"https:\/\/ladespensa.es\/panel\/?page_id=3623"},"modified":"2023-12-04T14:13:18","modified_gmt":"2023-12-04T14:13:18","slug":"politica-de-privacidad","status":"publish","type":"page","link":"https:\/\/ladespensa.es\/panel\/politica-de-privacidad\/","title":{"rendered":"Pol\u00edtica de privacidad"},"content":{"rendered":"\n<h3 class=\"wp-block-heading\">\u00bfQui\u00e9n es el Responsable del tratamiento de sus datos?<\/h3>\n\n\n\n<p>La Despensa Incre\u00edbles Creativos 2003 S.L.<br>Calle Santa Cruz de Marcenado, 4. Local 3, 28015 Madrid<br>NIF B10675502<br>Registro Mercantil de Madrid Tomo 18404, Folio 118, Hoja M-319430<br>Tel\u00e9fono:&nbsp;<a href=\"tel:34913275157\">+34 913 275 157<\/a><br>E-mail:&nbsp;<a href=\"mailto:desarrollo@ladespensa.es\">desarrollo@ladespensa.es<\/a><\/p>\n\n\n\n<h3 class=\"wp-block-heading\">\u00bfCu\u00e1les son las finalidades del tratamiento de sus datos?<\/h3>\n\n\n\n<p>El tratamiento de sus datos a trav\u00e9s de la web&nbsp;<a target=\"_blank\" href=\"http:\/\/www.ladespensa.es\/\" rel=\"noreferrer noopener\">www.ladespensa.es<\/a>&nbsp;tiene como finalidad el env\u00edo de comunicaciones comerciales de La Despensa acerca de nuestros productos y servicios. Asimismo y a trav\u00e9s de los canales \u201cLa Happy Pantry\u201d y \u201cEstudio del Molar\u201d podr\u00e1 acceder a los estudios de marketing elaborados por La Despensa.<br><br>Igualmente, se obtendr\u00e1 informaci\u00f3n acerca de su navegaci\u00f3n a trav\u00e9s de las cookies empleadas en&nbsp;<a target=\"_blank\" href=\"http:\/\/www.ladespensa.es\/\" rel=\"noreferrer noopener\">www.ladespensa.es<\/a>. Puede aceptar o rechazar las cookies en el apartado \u00abPREFERENCIAS\u00bb y obtener m\u00e1s informaci\u00f3n sobre las mismas en&nbsp;<a target=\"_blank\" href=\"http:\/\/www.ladespensa.es\/politica-de-cookies\" rel=\"noreferrer noopener\">www.ladespensa.es\/politica-de-cookies<\/a><br><br>El tratamiento de datos, es necesario para lograr una \u00f3ptima prestaci\u00f3n de los servicios de navegaci\u00f3n puestos a disposici\u00f3n del Usuario. La Despensa se compromete a recabar aquellos datos que sean estrictamente necesarios para cada una de las finalidades aqu\u00ed recogidas. Se le informar\u00e1 en su caso, de la obligatoriedad de facilitar determinados datos.<br><br>La Despensa garantiza la confidencialidad y seguridad de los datos proporcionados por los Usuarios.<br><br>La aportaci\u00f3n de los datos a trav\u00e9s de los canales antes mencionados es voluntaria e informada.<br><br>El Usuario responder\u00e1 de la veracidad de los datos facilitados, reserv\u00e1ndose el derecho a excluir de los servicios registrados a todo Usuario que haya facilitado datos falsos, sin perjuicio de las dem\u00e1s acciones que procedan en Derecho.<\/p>\n\n\n\n<h3 class=\"wp-block-heading\">\u00bfCu\u00e1l es la legitimaci\u00f3n para el tratamiento de sus datos?<\/h3>\n\n\n\n<p>La base legal para el tratamiento de sus datos es el consentimiento voluntario que se le solicita.<\/p>\n\n\n\n<h3 class=\"wp-block-heading\">\u00bfQui\u00e9nes recibir\u00e1n sus datos?<\/h3>\n\n\n\n<p>Los datos personales se comunicar\u00e1n a colaboradores de La Despensa que gestionan el web site y los env\u00edos con informaci\u00f3n comercial, a los cuales se les exigen los niveles de seguridad de protecci\u00f3n de datos personales conforme al Reglamento (UE) 2016\/679 del Parlamento Europeo y del Consejo, de 27 de abril de 2016, relativo a la protecci\u00f3n de las personas f\u00edsicas en lo que respecta al tratamiento de datos personales.<br><br>En particular y para el env\u00edo de comunicaciones, los datos se comunicar\u00e1n a Easymailing Cloud Services S.L. Como proveedora de La Despensa, esta entidad podr\u00e1 tener acceso a sus datos con la finalidad de gestionar los env\u00edos de informaci\u00f3n comercial.<\/p>\n\n\n\n<h3 class=\"wp-block-heading\">Ejercicio de derechos por parte del Usuario:<\/h3>\n\n\n\n<p>Los derechos que el Usuario puede ejercer son:<\/p>\n\n\n\n<ul class=\"wp-block-list\">\n<li>Derecho de acceso a los datos personales del interesado. El interesado puede obtener confirmaci\u00f3n sobre si La Despensa trata datos personales que le conciernen.<\/li>\n\n\n\n<li>Derecho de rectificaci\u00f3n, es decir, el interesado tiene derecho a solicitar una rectificaci\u00f3n de los datos inexactos.<\/li>\n\n\n\n<li>Derecho de supresi\u00f3n, el interesado puede solicitar que se dejen de tratar sus datos sin dilaci\u00f3n indebida, entre otros, porque \u00e9stos han dejado de ser necesarios, el consentimiento ha sido retirado etc.<\/li>\n\n\n\n<li>Derecho a limitar el tratamiento de los datos, es decir, el interesado podr\u00e1 pedir que no se apliquen sus datos personales a las operaciones de tratamiento que en cada caso corresponder\u00edan.<\/li>\n\n\n\n<li>Derecho de oposici\u00f3n, si el interesado se opone al tratamiento, La Despensa dejar\u00e1 de tratar sus datos, salvo por motivos leg\u00edtimos imperiosos o el ejercicio o la defensa de posibles reclamaciones.<\/li>\n\n\n\n<li>Derecho a la portabilidad de los datos, por el que los interesados podr\u00e1n solicitar a La Despensa la descarga estructurada de sus datos o la transmisi\u00f3n de los mismos directamente a una tercera entidad, si fuera t\u00e9cnicamente posible.<\/li>\n<\/ul>\n\n\n\n<p>El Usuario puede ejercer sus derechos mediante solicitud a La Despensa a trav\u00e9s de la direcci\u00f3n de correo electr\u00f3nico&nbsp;<a href=\"mailto:desarrollo@ladespensa.es\">desarrollo@ladespensa.es<\/a>&nbsp;acompa\u00f1ando en todo caso, una copia de su documento nacional de identidad, pasaporte u otro documento v\u00e1lido que le identifique.<\/p>\n\n\n\n<p>Si tiene alguna pregunta sobre esta Pol\u00edtica de Privacidad, rogamos que se ponga en contacto con nosotros enviando un email a&nbsp;<a href=\"mailto:desarrollo@ladespensa.es\">desarrollo@ladespensa.es<\/a>.<\/p>\n\n\n\n<h3 class=\"wp-block-heading\">Medidas de seguridad<\/h3>\n\n\n\n<p>La Despensa tratar\u00e1 todos los datos bajo la m\u00e1s estricta confidencialidad, aplicando las medidas de seguridad, t\u00e9cnicas y organizativas, que correspondan conforme a la legislaci\u00f3n aplicable.<br><br>La Despensa mantiene los niveles de seguridad de protecci\u00f3n de datos personales conforme al Reglamento (UE) 2016\/679 del Parlamento Europeo y del Consejo, de 27 de abril de 2016, relativo a la protecci\u00f3n de las personas f\u00edsicas en lo que respecta al tratamiento de datos personales y a la libre circulaci\u00f3n de estos datos y ha establecido todos los medios t\u00e9cnicos a su alcance para evitar la p\u00e9rdida, mal uso, alteraci\u00f3n, acceso no autorizado y robo de los datos que el Usuario facilite a trav\u00e9s de la p\u00e1gina web, sin perjuicio de informarle de que las medidas de seguridad en Internet no son inexpugnables.<br><br>La Despensa se compromete a cumplir con el deber de secreto y confidencialidad respecto de los datos personales tratados de acuerdo con la legislaci\u00f3n aplicable.<\/p>\n\n\n\n<h3 class=\"wp-block-heading\">Decisiones automatizadas y elaboraci\u00f3n de perfiles<\/h3>\n\n\n\n<p>Se informa a los Usuarios de que no se tomar\u00e1n decisiones automatizadas, ni se elaborar\u00e1n perfiles.<\/p>\n\n\n\n<h3 class=\"wp-block-heading\">\u00bfPor cu\u00e1nto tiempo conservaremos sus datos?<\/h3>\n\n\n\n<p>Los datos personales proporcionados a trav\u00e9s de la web&nbsp;<a target=\"_blank\" href=\"http:\/\/www.ladespensa.es\/\" rel=\"noreferrer noopener\">www.ladespensa.es<\/a>&nbsp;se conservar\u00e1n hasta que no se solicite su supresi\u00f3n por el interesado a trav\u00e9s del procedimiento dispuesto en el apartado \u201cEjercicio de derechos por parte del Usuario\u201d<\/p>\n\n\n\n<h3 class=\"wp-block-heading\">\u00bfC\u00f3mo hemos obtenido sus datos?<\/h3>\n\n\n\n<p>Los datos tratados por La Despensa son aquellos que el Usuario voluntariamente ha facilitado a trav\u00e9s de la cumplimentaci\u00f3n de los canales habilitados en el sitio web o a trav\u00e9s de las cookies empleadas y aceptadas por el usuario.<\/p>\n\n\n\n<h3 class=\"wp-block-heading\">\u00bfQu\u00e9 categor\u00eda de datos se tratan?<\/h3>\n\n\n\n<p>Las categor\u00edas de datos que se tratan son datos de identificaci\u00f3n, entre ellos correo electr\u00f3nico, nombre y apellidos, cargo y empresa.<br><br>No se tratan datos especialmente protegidos.<\/p>\n\n\n\n<h3 class=\"wp-block-heading\">Derecho a presentar una reclamaci\u00f3n ante las Autoridades de Control.<\/h3>\n\n\n\n<p>Se informa a los interesados de la posibilidad de poner en conocimiento a la Agencia Espa\u00f1ola de Protecci\u00f3n de Datos cualquier incidencia sobre el tratamiento de sus datos. Puede dirigirse a la Agencia Espa\u00f1ola de Protecci\u00f3n de datos para resolver cualquier duda acerca de los mismos en la direcci\u00f3n&nbsp;<a target=\"_blank\" href=\"http:\/\/www.aepd.es\/\" rel=\"noreferrer noopener\">www.aepd.es<\/a><br><br>Igualmente, los interesados podr\u00e1n presentar una reclamaci\u00f3n ante la Agencia Espa\u00f1ola de Protecci\u00f3n de datos especialmente cuando no haya obtenido satisfacci\u00f3n en el ejercicio de sus derechos, en Calle de Jorge Juan, 6, 28001 Madrid, tel\u00e9fono de contacto: 912 66 35 17.<\/p>\n","protected":false},"excerpt":{"rendered":"<p>\u00bfQui\u00e9n es el Responsable del tratamiento de sus datos? La Despensa Incre\u00edbles Creativos 2003 S.L.Calle Santa Cruz de Marcenado, 4. Local 3, 28015 MadridNIF B10675502Registro Mercantil de Madrid Tomo 18404, Folio 118, Hoja M-319430Tel\u00e9fono:&nbsp;+34 913 275 157E-mail:&nbsp;desarrollo@ladespensa.es \u00bfCu\u00e1les son las finalidades del tratamiento de sus datos? El tratamiento de sus datos a trav\u00e9s de la [&hellip;]<\/p>\n","protected":false},"author":2,"featured_media":0,"parent":0,"menu_order":0,"comment_status":"closed","ping_status":"closed","template":"","meta":{"_acf_changed":false,"inline_featured_image":false,"footnotes":""},"class_list":["post-3623","page","type-page","status-publish","hentry"],"acf":[],"yoast_head":"<!-- This site is optimized with the Yoast SEO plugin v27.1.1 - https:\/\/yoast.com\/product\/yoast-seo-wordpress\/ -->\n<title>Pol\u00edtica de privacidad - La Despensa<\/title>\n<meta name=\"robots\" content=\"index, follow, max-snippet:-1, max-image-preview:large, max-video-preview:-1\" \/>\n<link rel=\"canonical\" href=\"https:\/\/ladespensa.es\/panel\/politica-de-privacidad\/\" \/>\n<meta property=\"og:locale\" content=\"es_ES\" \/>\n<meta property=\"og:type\" content=\"article\" \/>\n<meta property=\"og:title\" content=\"Pol\u00edtica de privacidad - La Despensa\" \/>\n<meta property=\"og:description\" content=\"\u00bfQui\u00e9n es el Responsable del tratamiento de sus datos? La Despensa Incre\u00edbles Creativos 2003 S.L.Calle Santa Cruz de Marcenado, 4. Local 3, 28015 MadridNIF B10675502Registro Mercantil de Madrid Tomo 18404, Folio 118, Hoja M-319430Tel\u00e9fono:&nbsp;+34 913 275 157E-mail:&nbsp;desarrollo@ladespensa.es \u00bfCu\u00e1les son las finalidades del tratamiento de sus datos? El tratamiento de sus datos a trav\u00e9s de la [&hellip;]\" \/>\n<meta property=\"og:url\" content=\"https:\/\/ladespensa.es\/panel\/politica-de-privacidad\/\" \/>\n<meta property=\"og:site_name\" content=\"La Despensa\" \/>\n<meta property=\"article:modified_time\" content=\"2023-12-04T14:13:18+00:00\" \/>\n<meta name=\"twitter:card\" content=\"summary_large_image\" \/>\n<meta name=\"twitter:label1\" content=\"Tiempo de lectura\" \/>\n\t<meta name=\"twitter:data1\" content=\"5 minutos\" \/>\n<script type=\"application\/ld+json\" class=\"yoast-schema-graph\">{\"@context\":\"https:\/\/schema.org\",\"@graph\":[{\"@type\":\"WebPage\",\"@id\":\"https:\/\/ladespensa.es\/panel\/politica-de-privacidad\/\",\"url\":\"https:\/\/ladespensa.es\/panel\/politica-de-privacidad\/\",\"name\":\"Pol\u00edtica de privacidad - La Despensa\",\"isPartOf\":{\"@id\":\"https:\/\/ladespensa.es\/panel\/#website\"},\"datePublished\":\"2023-12-04T13:44:30+00:00\",\"dateModified\":\"2023-12-04T14:13:18+00:00\",\"breadcrumb\":{\"@id\":\"https:\/\/ladespensa.es\/panel\/politica-de-privacidad\/#breadcrumb\"},\"inLanguage\":\"es\",\"potentialAction\":[{\"@type\":\"ReadAction\",\"target\":[\"https:\/\/ladespensa.es\/panel\/politica-de-privacidad\/\"]}]},{\"@type\":\"BreadcrumbList\",\"@id\":\"https:\/\/ladespensa.es\/panel\/politica-de-privacidad\/#breadcrumb\",\"itemListElement\":[{\"@type\":\"ListItem\",\"position\":1,\"name\":\"Home\",\"item\":\"https:\/\/ladespensa.es\/panel\/\"},{\"@type\":\"ListItem\",\"position\":2,\"name\":\"Pol\u00edtica de privacidad\"}]},{\"@type\":\"WebSite\",\"@id\":\"https:\/\/ladespensa.es\/panel\/#website\",\"url\":\"https:\/\/ladespensa.es\/panel\/\",\"name\":\"La Despensa\",\"description\":\"\",\"potentialAction\":[{\"@type\":\"SearchAction\",\"target\":{\"@type\":\"EntryPoint\",\"urlTemplate\":\"https:\/\/ladespensa.es\/panel\/?s={search_term_string}\"},\"query-input\":{\"@type\":\"PropertyValueSpecification\",\"valueRequired\":true,\"valueName\":\"search_term_string\"}}],\"inLanguage\":\"es\"}]}<\/script>\n<!-- \/ Yoast SEO plugin. -->","yoast_head_json":{"title":"Pol\u00edtica de privacidad - La Despensa","robots":{"index":"index","follow":"follow","max-snippet":"max-snippet:-1","max-image-preview":"max-image-preview:large","max-video-preview":"max-video-preview:-1"},"canonical":"https:\/\/ladespensa.es\/panel\/politica-de-privacidad\/","og_locale":"es_ES","og_type":"article","og_title":"Pol\u00edtica de privacidad - La Despensa","og_description":"\u00bfQui\u00e9n es el Responsable del tratamiento de sus datos? La Despensa Incre\u00edbles Creativos 2003 S.L.Calle Santa Cruz de Marcenado, 4. Local 3, 28015 MadridNIF B10675502Registro Mercantil de Madrid Tomo 18404, Folio 118, Hoja M-319430Tel\u00e9fono:&nbsp;+34 913 275 157E-mail:&nbsp;desarrollo@ladespensa.es \u00bfCu\u00e1les son las finalidades del tratamiento de sus datos? El tratamiento de sus datos a trav\u00e9s de la [&hellip;]","og_url":"https:\/\/ladespensa.es\/panel\/politica-de-privacidad\/","og_site_name":"La Despensa","article_modified_time":"2023-12-04T14:13:18+00:00","twitter_card":"summary_large_image","twitter_misc":{"Tiempo de lectura":"5 minutos"},"schema":{"@context":"https:\/\/schema.org","@graph":[{"@type":"WebPage","@id":"https:\/\/ladespensa.es\/panel\/politica-de-privacidad\/","url":"https:\/\/ladespensa.es\/panel\/politica-de-privacidad\/","name":"Pol\u00edtica de privacidad - La Despensa","isPartOf":{"@id":"https:\/\/ladespensa.es\/panel\/#website"},"datePublished":"2023-12-04T13:44:30+00:00","dateModified":"2023-12-04T14:13:18+00:00","breadcrumb":{"@id":"https:\/\/ladespensa.es\/panel\/politica-de-privacidad\/#breadcrumb"},"inLanguage":"es","potentialAction":[{"@type":"ReadAction","target":["https:\/\/ladespensa.es\/panel\/politica-de-privacidad\/"]}]},{"@type":"BreadcrumbList","@id":"https:\/\/ladespensa.es\/panel\/politica-de-privacidad\/#breadcrumb","itemListElement":[{"@type":"ListItem","position":1,"name":"Home","item":"https:\/\/ladespensa.es\/panel\/"},{"@type":"ListItem","position":2,"name":"Pol\u00edtica de privacidad"}]},{"@type":"WebSite","@id":"https:\/\/ladespensa.es\/panel\/#website","url":"https:\/\/ladespensa.es\/panel\/","name":"La Despensa","description":"","potentialAction":[{"@type":"SearchAction","target":{"@type":"EntryPoint","urlTemplate":"https:\/\/ladespensa.es\/panel\/?s={search_term_string}"},"query-input":{"@type":"PropertyValueSpecification","valueRequired":true,"valueName":"search_term_string"}}],"inLanguage":"es"}]}},"_links":{"self":[{"href":"https:\/\/ladespensa.es\/panel\/wp-json\/wp\/v2\/pages\/3623","targetHints":{"allow":["GET"]}}],"collection":[{"href":"https:\/\/ladespensa.es\/panel\/wp-json\/wp\/v2\/pages"}],"about":[{"href":"https:\/\/ladespensa.es\/panel\/wp-json\/wp\/v2\/types\/page"}],"author":[{"embeddable":true,"href":"https:\/\/ladespensa.es\/panel\/wp-json\/wp\/v2\/users\/2"}],"replies":[{"embeddable":true,"href":"https:\/\/ladespensa.es\/panel\/wp-json\/wp\/v2\/comments?post=3623"}],"version-history":[{"count":2,"href":"https:\/\/ladespensa.es\/panel\/wp-json\/wp\/v2\/pages\/3623\/revisions"}],"predecessor-version":[{"id":3625,"href":"https:\/\/ladespensa.es\/panel\/wp-json\/wp\/v2\/pages\/3623\/revisions\/3625"}],"wp:attachment":[{"href":"https:\/\/ladespensa.es\/panel\/wp-json\/wp\/v2\/media?parent=3623"}],"curies":[{"name":"wp","href":"https:\/\/api.w.org\/{rel}","templated":true}]}}